CRAN Package Check Results for Package iq

Last updated on 2020-10-21 03:47:23 CEST.

Flavor Version Tinstall Tcheck Ttotal Status Flags
r-devel-linux-x86_64-debian-clang 1.9 18.90 32.53 51.43 OK
r-devel-linux-x86_64-debian-gcc 1.9 15.18 25.28 40.46 OK
r-devel-linux-x86_64-fedora-clang 1.9 74.84 NOTE
r-devel-linux-x86_64-fedora-gcc 1.9 66.70 OK
r-devel-windows-ix86+x86_64 1.9 31.00 49.00 80.00 OK
r-patched-linux-x86_64 1.9 18.44 31.48 49.92 OK
r-patched-solaris-x86 1.9 109.70 OK
r-release-linux-x86_64 1.9 18.02 31.17 49.19 OK
r-release-macos-x86_64 1.9 NOTE
r-release-windows-ix86+x86_64 1.9 31.00 51.00 82.00 OK
r-oldrel-macos-x86_64 1.9 NOTE
r-oldrel-windows-ix86+x86_64 1.9 25.00 62.00 87.00 OK

Check Details

Version: 1.9
Check: installed package size
Result: NOTE
     installed size is 6.6Mb
     sub-directories of 1Mb or more:
     libs 6.0Mb
Flavors: r-devel-linux-x86_64-fedora-clang, r-release-macos-x86_64, r-oldrel-macos-x86_64