CRAN Package Check Results for Package ipaddress

Last updated on 2024-06-13 15:48:26 CEST.

Flavor Version Tinstall Tcheck Ttotal Status Flags
r-devel-linux-x86_64-debian-clang 1.0.2 158.40 79.80 238.20 OK
r-devel-linux-x86_64-debian-gcc 1.0.2 0.52 1.76 2.28 ERROR
r-devel-linux-x86_64-fedora-clang 1.0.2 353.53 OK
r-devel-linux-x86_64-fedora-gcc 1.0.2 395.64 OK
r-devel-windows-x86_64 1.0.2 136.00 103.00 239.00 OK
r-patched-linux-x86_64 1.0.2 150.58 76.10 226.68 OK
r-release-linux-x86_64 1.0.2 140.83 76.24 217.07 OK
r-release-macos-arm64 1.0.2 90.00 NOTE
r-release-macos-x86_64 1.0.2 104.00 NOTE
r-release-windows-x86_64 1.0.2 135.00 107.00 242.00 OK
r-oldrel-macos-arm64 1.0.2 95.00 NOTE
r-oldrel-macos-x86_64 1.0.2 131.00 NOTE
r-oldrel-windows-x86_64 1.0.2 168.00 128.00 296.00 OK

Check Details

Version: 1.0.2
Check: package dependencies
Result: ERROR Package required but not available: ‘vctrs’ Packages suggested but not available for checking: 'bignum', 'blob', 'dplyr', 'fuzzyjoin', 'pillar', 'testthat', 'tibble', 'tidyr' See section ‘The DESCRIPTION file’ in the ‘Writing R Extensions’ manual. Flavor: r-devel-linux-x86_64-debian-gcc

Version: 1.0.2
Check: installed package size
Result: NOTE installed size is 6.9Mb sub-directories of 1Mb or more: libs 6.4Mb Flavors: r-release-macos-arm64, r-release-macos-x86_64, r-oldrel-macos-arm64, r-oldrel-macos-x86_64