CRAN Package Check Results for Package iotables

Last updated on 2020-09-28 03:47:45 CEST.

Flavor Version Tinstall Tcheck Ttotal Status Flags
r-devel-linux-x86_64-debian-clang 0.4.3 13.68 164.25 177.93 OK
r-devel-linux-x86_64-debian-gcc 0.4.3 12.84 121.28 134.12 OK
r-devel-linux-x86_64-fedora-clang 0.4.3 221.90 NOTE
r-devel-linux-x86_64-fedora-gcc 0.4.3 213.13 NOTE
r-devel-windows-ix86+x86_64 0.4.3 35.00 212.00 247.00 OK
r-patched-linux-x86_64 0.4.3 13.85 153.43 167.28 OK
r-patched-solaris-x86 0.4.3 312.10 NOTE
r-release-linux-x86_64 0.4.3 15.12 153.83 168.95 OK
r-release-macos-x86_64 0.4.3 NOTE
r-release-windows-ix86+x86_64 0.4.3 34.00 208.00 242.00 OK
r-oldrel-macos-x86_64 0.4.3 NOTE
r-oldrel-windows-ix86+x86_64 0.4.3 31.00 190.00 221.00 OK

Check Details

Version: 0.4.3
Check: data for non-ASCII characters
Result: NOTE
     Note: found 53206 marked UTF-8 strings
Flavors: r-devel-linux-x86_64-fedora-clang, r-devel-linux-x86_64-fedora-gcc, r-patched-solaris-x86, r-release-macos-x86_64, r-oldrel-macos-x86_64