CRAN Package Check Results for Package ionr

Last updated on 2022-07-04 15:54:44 CEST.

Flavor Version Tinstall Tcheck Ttotal Status Flags
r-devel-linux-x86_64-debian-clang 0.3.0 3.26 37.56 40.82 NOTE
r-devel-linux-x86_64-debian-gcc 0.3.0 2.05 28.55 30.60 NOTE
r-devel-linux-x86_64-fedora-clang 0.3.0 59.10 WARN
r-devel-linux-x86_64-fedora-gcc 0.3.0 58.55 WARN
r-devel-windows-x86_64 0.3.0 12.00 65.00 77.00 NOTE
r-patched-linux-x86_64 0.3.0 2.39 35.81 38.20 NOTE
r-release-linux-x86_64 0.3.0 2.95 36.23 39.18 NOTE
r-release-macos-arm64 0.3.0 19.00 NOTE
r-release-macos-x86_64 0.3.0 26.00 NOTE
r-release-windows-x86_64 0.3.0 11.00 60.00 71.00 NOTE
r-oldrel-macos-arm64 0.3.0 26.00 NOTE
r-oldrel-macos-x86_64 0.3.0 34.00 NOTE
r-oldrel-windows-ix86+x86_64 0.3.0 7.00 54.00 61.00 NOTE

Check Details

Version: 0.3.0
Check: LazyData
Result: NOTE
     'LazyData' is specified without a 'data' directory
Flavors: r-devel-linux-x86_64-debian-clang, r-devel-linux-x86_64-debian-gcc, r-devel-linux-x86_64-fedora-clang, r-devel-linux-x86_64-fedora-gcc, r-devel-windows-x86_64, r-patched-linux-x86_64, r-release-linux-x86_64, r-release-macos-arm64, r-release-macos-x86_64, r-release-windows-x86_64, r-oldrel-macos-arm64, r-oldrel-macos-x86_64, r-oldrel-windows-ix86+x86_64

Version: 0.3.0
Check: package dependencies
Result: WARN
    Requires (indirectly) orphaned package: ‘gtools’
Flavors: r-devel-linux-x86_64-fedora-clang, r-devel-linux-x86_64-fedora-gcc