CRAN Package Check Results for Package intubate

Last updated on 2020-10-21 03:47:23 CEST.

Flavor Version Tinstall Tcheck Ttotal Status Flags
r-devel-linux-x86_64-debian-clang 1.0.0 3.86 58.34 62.20 NOTE
r-devel-linux-x86_64-debian-gcc 1.0.0 2.73 44.25 46.98 NOTE
r-devel-linux-x86_64-fedora-clang 1.0.0 81.40 OK
r-devel-linux-x86_64-fedora-gcc 1.0.0 77.29 OK
r-devel-windows-ix86+x86_64 1.0.0 5.00 62.00 67.00 NOTE
r-patched-linux-x86_64 1.0.0 3.43 55.14 58.57 NOTE
r-patched-solaris-x86 1.0.0 89.00 OK
r-release-linux-x86_64 1.0.0 3.72 55.15 58.87 NOTE
r-release-macos-x86_64 1.0.0 OK
r-release-windows-ix86+x86_64 1.0.0 6.00 63.00 69.00 NOTE
r-oldrel-macos-x86_64 1.0.0 OK
r-oldrel-windows-ix86+x86_64 1.0.0 5.00 71.00 76.00 OK

Check Details

Version: 1.0.0
Check: package vignettes
Result: NOTE
    Package vignette with placeholder title 'Vignette Title':
     'intubate.Rmd'
Flavors: r-devel-linux-x86_64-debian-clang, r-devel-linux-x86_64-debian-gcc, r-devel-windows-ix86+x86_64, r-patched-linux-x86_64, r-release-linux-x86_64, r-release-windows-ix86+x86_64