Last updated on 2023-02-05 03:53:49 CET.
Flavor | Version | Tinstall | Tcheck | Ttotal | Status | Flags |
---|---|---|---|---|---|---|
r-devel-linux-x86_64-debian-clang | 0.2.2 | 223.70 | 59.78 | 283.48 | NOTE | |
r-devel-linux-x86_64-debian-gcc | 0.2.2 | 179.84 | 44.98 | 224.82 | NOTE | |
r-devel-linux-x86_64-fedora-clang | 0.2.2 | 410.41 | NOTE | |||
r-devel-linux-x86_64-fedora-gcc | 0.2.2 | 387.09 | NOTE | |||
r-devel-windows-x86_64 | 0.2.2 | 194.00 | 126.00 | 320.00 | NOTE | |
r-patched-linux-x86_64 | 0.2.2 | 188.74 | 55.23 | 243.97 | NOTE | |
r-release-linux-x86_64 | 0.2.2 | 179.47 | 56.98 | 236.45 | NOTE | |
r-release-macos-arm64 | 0.2.2 | 85.00 | NOTE | |||
r-release-macos-x86_64 | 0.2.2 | 114.00 | NOTE | |||
r-release-windows-x86_64 | 0.2.2 | 195.00 | 134.00 | 329.00 | NOTE | |
r-oldrel-macos-arm64 | 0.2.2 | 97.00 | NOTE | |||
r-oldrel-macos-x86_64 | 0.2.2 | 177.00 | NOTE | |||
r-oldrel-windows-ix86+x86_64 | 0.2.2 | 497.00 | 133.00 | 630.00 | NOTE |
Version: 0.2.2
Check: C++ specification
Result: NOTE
Specified C++11: please update to current default of C++17
Flavors: r-devel-linux-x86_64-debian-clang, r-devel-linux-x86_64-debian-gcc, r-devel-linux-x86_64-fedora-clang, r-devel-linux-x86_64-fedora-gcc, r-devel-windows-x86_64
Version: 0.2.2
Check: LazyData
Result: NOTE
'LazyData' is specified without a 'data' directory
Flavors: r-devel-linux-x86_64-debian-clang, r-devel-linux-x86_64-debian-gcc, r-devel-linux-x86_64-fedora-clang, r-devel-linux-x86_64-fedora-gcc, r-devel-windows-x86_64, r-patched-linux-x86_64, r-release-linux-x86_64, r-release-macos-arm64, r-release-macos-x86_64, r-release-windows-x86_64, r-oldrel-macos-arm64, r-oldrel-macos-x86_64, r-oldrel-windows-ix86+x86_64
Version: 0.2.2
Check: installed package size
Result: NOTE
installed size is 11.7Mb
sub-directories of 1Mb or more:
libs 11.0Mb
Flavors: r-release-macos-arm64, r-release-macos-x86_64, r-oldrel-macos-arm64, r-oldrel-macos-x86_64