Last updated on 2022-06-28 15:53:19 CEST.
Flavor | Version | Tinstall | Tcheck | Ttotal | Status | Flags |
---|---|---|---|---|---|---|
r-devel-linux-x86_64-debian-clang | 1.1-2 | 145.22 | 51.84 | 197.06 | OK | |
r-devel-linux-x86_64-debian-gcc | 1.1-2 | 123.86 | 42.93 | 166.79 | OK | |
r-devel-linux-x86_64-fedora-clang | 1.1-2 | 308.87 | NOTE | |||
r-devel-linux-x86_64-fedora-gcc | 1.1-2 | 275.17 | OK | |||
r-devel-windows-x86_64 | 1.1-2 | 110.00 | 104.00 | 214.00 | OK | |
r-patched-linux-x86_64 | 1.1-2 | 128.23 | 52.91 | 181.14 | OK | |
r-release-linux-x86_64 | 1.1-2 | 133.97 | 53.16 | 187.13 | OK | |
r-release-macos-arm64 | 1.1-2 | 73.00 | NOTE | |||
r-release-macos-x86_64 | 1.1-2 | 95.00 | NOTE | |||
r-release-windows-x86_64 | 1.1-2 | 111.00 | 105.00 | 216.00 | OK | |
r-oldrel-macos-arm64 | 1.1-2 | 68.00 | NOTE | |||
r-oldrel-macos-x86_64 | 1.1-2 | 87.00 | NOTE | |||
r-oldrel-windows-ix86+x86_64 | 1.1-2 | 317.00 | 119.00 | 436.00 | OK |
Version: 1.1-2
Check: installed package size
Result: NOTE
installed size is 27.9Mb
sub-directories of 1Mb or more:
libs 27.5Mb
Flavors: r-devel-linux-x86_64-fedora-clang, r-release-macos-arm64, r-release-macos-x86_64, r-oldrel-macos-arm64, r-oldrel-macos-x86_64