CRAN Package Check Results for Package interp

Last updated on 2022-11-29 14:49:34 CET.

Flavor Version Tinstall Tcheck Ttotal Status Flags
r-devel-linux-x86_64-debian-clang 1.1-3 153.05 185.98 339.03 OK
r-devel-linux-x86_64-debian-gcc 1.1-3 119.71 161.00 280.71 OK
r-devel-linux-x86_64-fedora-clang 1.1-3 472.91 OK
r-devel-linux-x86_64-fedora-gcc 1.1-3 501.38 OK
r-devel-windows-x86_64 1.1-3 112.00 316.00 428.00 OK
r-patched-linux-x86_64 1.1-3 129.78 201.44 331.22 OK
r-release-linux-x86_64 1.1-3 120.46 203.51 323.97 OK
r-release-macos-arm64 1.1-3 166.00 NOTE
r-release-macos-x86_64 1.1-3 216.00 NOTE
r-release-windows-x86_64 1.1-3 113.00 305.00 418.00 OK
r-oldrel-macos-arm64 1.1-3 150.00 NOTE
r-oldrel-macos-x86_64 1.1-3 215.00 NOTE
r-oldrel-windows-ix86+x86_64 1.1-3 316.00 281.00 597.00 OK

Check Details

Version: 1.1-3
Check: installed package size
Result: NOTE
     installed size is 31.9Mb
     sub-directories of 1Mb or more:
     libs 31.0Mb
Flavors: r-release-macos-arm64, r-release-macos-x86_64, r-oldrel-macos-arm64, r-oldrel-macos-x86_64