CRAN Package Check Results for Package interleave

Last updated on 2022-10-01 15:52:54 CEST.

Flavor Version Tinstall Tcheck Ttotal Status Flags
r-devel-linux-x86_64-debian-clang 0.1.1 37.19 28.76 65.95 NOTE
r-devel-linux-x86_64-debian-gcc 0.1.1 32.20 22.38 54.58 NOTE
r-devel-linux-x86_64-fedora-clang 0.1.1 105.25 NOTE
r-devel-linux-x86_64-fedora-gcc 0.1.1 97.23 NOTE
r-devel-windows-x86_64 0.1.1 42.00 76.00 118.00 NOTE
r-patched-linux-x86_64 0.1.1 36.54 28.22 64.76 NOTE
r-release-linux-x86_64 0.1.1 26.86 27.30 54.16 NOTE
r-release-macos-arm64 0.1.1 28.00 NOTE
r-release-macos-x86_64 0.1.1 38.00 NOTE
r-release-windows-x86_64 0.1.1 40.00 76.00 116.00 NOTE
r-oldrel-macos-arm64 0.1.1 31.00 NOTE
r-oldrel-macos-x86_64 0.1.1 53.00 NOTE
r-oldrel-windows-ix86+x86_64 0.1.1 90.00 78.00 168.00 NOTE

Check Details

Version: 0.1.1
Check: LazyData
Result: NOTE
     'LazyData' is specified without a 'data' directory
Flavors: r-devel-linux-x86_64-debian-clang, r-devel-linux-x86_64-debian-gcc, r-devel-linux-x86_64-fedora-clang, r-devel-linux-x86_64-fedora-gcc, r-devel-windows-x86_64, r-patched-linux-x86_64, r-release-linux-x86_64, r-release-macos-arm64, r-release-macos-x86_64, r-release-windows-x86_64, r-oldrel-macos-arm64, r-oldrel-macos-x86_64, r-oldrel-windows-ix86+x86_64