Last updated on 2022-06-30 03:53:25 CEST.
Flavor | Version | Tinstall | Tcheck | Ttotal | Status | Flags |
---|---|---|---|---|---|---|
r-devel-linux-x86_64-debian-clang | 1.1.5 | 9.97 | 280.35 | 290.32 | OK | |
r-devel-linux-x86_64-debian-gcc | 1.1.5 | 8.35 | 202.98 | 211.33 | OK | |
r-devel-linux-x86_64-fedora-clang | 1.1.5 | 334.50 | NOTE | |||
r-devel-linux-x86_64-fedora-gcc | 1.1.5 | 347.51 | OK | |||
r-devel-windows-x86_64 | 1.1.5 | 59.00 | 319.00 | 378.00 | OK | |
r-patched-linux-x86_64 | 1.1.5 | 14.36 | 259.88 | 274.24 | OK | |
r-release-linux-x86_64 | 1.1.5 | 8.37 | 259.30 | 267.67 | OK | |
r-release-macos-arm64 | 1.1.5 | 95.00 | OK | |||
r-release-macos-x86_64 | 1.1.5 | 173.00 | OK | |||
r-release-windows-x86_64 | 1.1.5 | 87.00 | 295.00 | 382.00 | OK | |
r-oldrel-macos-arm64 | 1.1.5 | 139.00 | OK | |||
r-oldrel-macos-x86_64 | 1.1.5 | 120.00 | OK | |||
r-oldrel-windows-ix86+x86_64 | 1.1.5 | 22.00 | 318.00 | 340.00 | OK |
Version: 1.1.5
Check: Rd cross-references
Result: NOTE
Undeclared packages ‘quantreg’, ‘effects’, ‘Hmisc’, ‘rockchalk’, ‘pequod’ in Rd xrefs
Flavor: r-devel-linux-x86_64-fedora-clang