Last updated on 2023-02-08 15:52:44 CET.
Flavor | Version | Tinstall | Tcheck | Ttotal | Status | Flags |
---|---|---|---|---|---|---|
r-devel-linux-x86_64-debian-clang | 0.1.0 | 15.49 | 156.10 | 171.59 | OK | |
r-devel-linux-x86_64-debian-gcc | 0.1.0 | 13.78 | 114.84 | 128.62 | OK | |
r-devel-linux-x86_64-fedora-clang | 0.1.0 | 215.87 | NOTE | |||
r-devel-linux-x86_64-fedora-gcc | 0.1.0 | 215.86 | NOTE | |||
r-devel-windows-x86_64 | 0.1.0 | 55.00 | 187.00 | 242.00 | OK | |
r-patched-linux-x86_64 | 0.1.0 | 10.32 | 146.60 | 156.92 | OK | |
r-release-linux-x86_64 | 0.1.0 | 11.79 | 149.19 | 160.98 | OK | |
r-release-macos-arm64 | 0.1.0 | 66.00 | NOTE | |||
r-release-macos-x86_64 | 0.1.0 | 100.00 | NOTE | |||
r-release-windows-x86_64 | 0.1.0 | 40.00 | 201.00 | 241.00 | OK | |
r-oldrel-macos-arm64 | 0.1.0 | 63.00 | NOTE | |||
r-oldrel-macos-x86_64 | 0.1.0 | 75.00 | NOTE | |||
r-oldrel-windows-ix86+x86_64 | 0.1.0 | 38.00 | 181.00 | 219.00 | OK |
Version: 0.1.0
Check: dependencies in R code
Result: NOTE
Namespaces in Imports field not imported from:
‘grDevices’ ‘methods’ ‘mlbench’ ‘parallel’ ‘utils’
All declared Imports should be used.
Flavors: r-devel-linux-x86_64-fedora-clang, r-devel-linux-x86_64-fedora-gcc, r-release-macos-arm64, r-release-macos-x86_64, r-oldrel-macos-arm64, r-oldrel-macos-x86_64