Last updated on 2023-02-01 03:54:18 CET.
Flavor | Version | Tinstall | Tcheck | Ttotal | Status | Flags |
---|---|---|---|---|---|---|
r-devel-linux-x86_64-debian-clang | 0.1.6 | 36.00 | 343.34 | 379.34 | NOTE | |
r-devel-linux-x86_64-debian-gcc | 0.1.6 | 26.00 | 250.59 | 276.59 | NOTE | |
r-devel-linux-x86_64-fedora-clang | 0.1.6 | 458.27 | NOTE | |||
r-devel-linux-x86_64-fedora-gcc | 0.1.6 | 479.43 | NOTE | |||
r-devel-windows-x86_64 | 0.1.6 | 76.00 | 343.00 | 419.00 | NOTE | |
r-patched-linux-x86_64 | 0.1.6 | 29.69 | 328.71 | 358.40 | NOTE | |
r-release-linux-x86_64 | 0.1.6 | 27.58 | 287.14 | 314.72 | NOTE | |
r-release-macos-arm64 | 0.1.6 | 93.00 | NOTE | |||
r-release-macos-x86_64 | 0.1.6 | 166.00 | NOTE | |||
r-release-windows-x86_64 | 0.1.6 | 68.00 | 362.00 | 430.00 | NOTE | |
r-oldrel-macos-arm64 | 0.1.6 | 78.00 | NOTE | |||
r-oldrel-macos-x86_64 | 0.1.6 | 81.00 | NOTE | |||
r-oldrel-windows-ix86+x86_64 | 0.1.6 | 69.00 | 345.00 | 414.00 | NOTE |
Version: 0.1.6
Check: LazyData
Result: NOTE
'LazyData' is specified without a 'data' directory
Flavors: r-devel-linux-x86_64-debian-clang, r-devel-linux-x86_64-debian-gcc, r-devel-linux-x86_64-fedora-clang, r-devel-linux-x86_64-fedora-gcc, r-devel-windows-x86_64, r-patched-linux-x86_64, r-release-linux-x86_64, r-release-macos-arm64, r-release-macos-x86_64, r-release-windows-x86_64, r-oldrel-macos-arm64, r-oldrel-macos-x86_64, r-oldrel-windows-ix86+x86_64
Version: 0.1.6
Check: dependencies in R code
Result: NOTE
Namespace in Imports field not imported from: ‘grDevices’
All declared Imports should be used.
Flavors: r-devel-linux-x86_64-fedora-clang, r-devel-linux-x86_64-fedora-gcc, r-release-macos-arm64, r-release-macos-x86_64, r-oldrel-macos-arm64, r-oldrel-macos-x86_64