Last updated on 2023-12-01 15:53:38 CET.
Flavor | Version | Tinstall | Tcheck | Ttotal | Status | Flags |
---|---|---|---|---|---|---|
r-devel-linux-x86_64-debian-clang | 2.0.2 | 43.68 | 402.85 | 446.53 | NOTE | |
r-devel-linux-x86_64-debian-gcc | 2.0.2 | 34.23 | 296.10 | 330.33 | NOTE | |
r-devel-linux-x86_64-fedora-clang | 2.0.2 | 577.34 | OK | |||
r-devel-linux-x86_64-fedora-gcc | 2.0.2 | 574.97 | OK | |||
r-devel-windows-x86_64 | 2.0.2 | 33.00 | 243.00 | 276.00 | NOTE | |
r-patched-linux-x86_64 | 2.0.2 | 29.85 | 378.05 | 407.90 | NOTE | |
r-release-linux-x86_64 | 2.0.2 | 29.03 | 380.63 | 409.66 | NOTE | |
r-release-macos-arm64 | 2.0.2 | 143.00 | NOTE | |||
r-release-macos-x86_64 | 2.0.2 | 334.00 | NOTE | |||
r-release-windows-x86_64 | 2.0.2 | 47.00 | 346.00 | 393.00 | NOTE | |
r-oldrel-macos-arm64 | 2.0.2 | 152.00 | NOTE | |||
r-oldrel-macos-x86_64 | 2.0.2 | 189.00 | NOTE | |||
r-oldrel-windows-x86_64 | 2.0.2 | 51.00 | 330.00 | 381.00 | NOTE |
Version: 2.0.2
Check: package dependencies
Result: NOTE
Package suggested but not available for checking: ‘INLA’
Flavors: r-devel-linux-x86_64-debian-clang, r-devel-linux-x86_64-debian-gcc, r-devel-windows-x86_64, r-patched-linux-x86_64, r-release-linux-x86_64, r-release-macos-arm64, r-release-macos-x86_64, r-release-windows-x86_64, r-oldrel-macos-arm64, r-oldrel-macos-x86_64, r-oldrel-windows-x86_64
Version: 2.0.2
Check: Rd cross-references
Result: NOTE
Package unavailable to check Rd xrefs: ‘INLA’
Flavors: r-devel-linux-x86_64-debian-clang, r-devel-linux-x86_64-debian-gcc, r-devel-windows-x86_64, r-patched-linux-x86_64, r-release-linux-x86_64, r-release-macos-arm64, r-release-macos-x86_64, r-release-windows-x86_64, r-oldrel-macos-arm64, r-oldrel-macos-x86_64, r-oldrel-windows-x86_64