CRAN Package Check Results for Package intRvals

Last updated on 2021-09-19 03:51:09 CEST.

Flavor Version Tinstall Tcheck Ttotal Status Flags
r-devel-linux-x86_64-debian-clang 1.0.0 10.31 98.61 108.92 OK
r-devel-linux-x86_64-debian-gcc 1.0.0 8.75 74.95 83.70 OK
r-devel-linux-x86_64-fedora-clang 1.0.0 139.66 OK
r-devel-linux-x86_64-fedora-gcc 1.0.0 126.59 OK
r-devel-windows-x86_64 1.0.0 10.00 135.00 145.00 OK
r-devel-windows-x86_64-gcc10-UCRT 1.0.0 ERROR
r-patched-linux-x86_64 1.0.0 10.18 89.89 100.07 OK
r-patched-solaris-x86 1.0.0 178.70 OK
r-release-linux-x86_64 1.0.0 11.14 91.29 102.43 OK
r-release-macos-arm64 1.0.0 OK
r-release-macos-x86_64 1.0.0 OK
r-release-windows-ix86+x86_64 1.0.0 20.00 103.00 123.00 OK
r-oldrel-macos-x86_64 1.0.0 OK
r-oldrel-windows-ix86+x86_64 1.0.0 21.00 91.00 112.00 OK

Check Details

Version: 1.0.0
Check: whether package can be installed
Result: WARN
    Found the following significant warnings:
     WARNING: installation-time patches will not be applied, could not get the patches index
Flavor: r-devel-windows-x86_64-gcc10-UCRT

Version: 1.0.0
Check: PDF version of manual
Result: WARN
    LaTeX errors when creating PDF version.
    This typically indicates Rd problems.
Flavor: r-devel-windows-x86_64-gcc10-UCRT

Version: 1.0.0
Check: PDF version of manual without hyperrefs or index
Result: ERROR
    Re-running with no redirection of stdout/stderr.
Flavor: r-devel-windows-x86_64-gcc10-UCRT