CRAN Package Check Results for Package insight

Last updated on 2020-08-14 03:47:47 CEST.

Flavor Version Tinstall Tcheck Ttotal Status Flags
r-devel-linux-x86_64-debian-clang 0.9.0 14.95 216.80 231.75 NOTE
r-devel-linux-x86_64-debian-gcc 0.9.0 11.42 161.94 173.36 OK
r-devel-linux-x86_64-fedora-clang 0.9.0 273.73 OK
r-devel-linux-x86_64-fedora-gcc 0.9.0 283.29 OK
r-devel-windows-ix86+x86_64 0.9.0 32.00 253.00 285.00 OK
r-patched-linux-x86_64 0.9.0 13.67 207.78 221.45 NOTE
r-patched-solaris-x86 0.9.0 365.40 OK
r-release-linux-x86_64 0.9.0 15.26 212.04 227.30 OK
r-release-macos-x86_64 0.9.0 OK
r-release-windows-ix86+x86_64 0.9.0 21.00 289.00 310.00 OK
r-oldrel-macos-x86_64 0.9.0 OK
r-oldrel-windows-ix86+x86_64 0.9.0 21.00 201.00 222.00 OK

Check Details

Version: 0.9.0
Check: package dependencies
Result: NOTE
    Packages suggested but not available for checking: 'geepack', 'logistf'
Flavor: r-devel-linux-x86_64-debian-clang

Version: 0.9.0
Check: package dependencies
Result: NOTE
    Package suggested but not available for checking: ‘blavaan’
Flavor: r-patched-linux-x86_64