CRAN Package Check Results for Package insight

Last updated on 2022-05-20 03:55:49 CEST.

Flavor Version Tinstall Tcheck Ttotal Status Flags
r-devel-linux-x86_64-debian-clang 0.17.1 29.46 381.44 410.90 NOTE
r-devel-linux-x86_64-debian-gcc 0.17.1 23.22 266.22 289.44 OK
r-devel-linux-x86_64-fedora-clang 0.17.1 470.29 OK
r-devel-linux-x86_64-fedora-gcc 0.17.1 475.27 OK
r-devel-windows-x86_64 0.17.1 326.00 434.00 760.00 OK
r-patched-linux-x86_64 0.17.1 27.93 345.02 372.95 OK
r-release-linux-x86_64 0.17.1 26.12 350.50 376.62 NOTE
r-release-macos-arm64 0.17.1 124.00 ERROR
r-release-macos-x86_64 0.17.1 173.00 OK
r-release-windows-x86_64 0.17.1 313.00 447.00 760.00 OK
r-oldrel-macos-arm64 0.17.1 127.00 OK
r-oldrel-macos-x86_64 0.17.1 177.00 OK
r-oldrel-windows-ix86+x86_64 0.17.1 46.00 382.00 428.00 OK

Check Details

Version: 0.17.1
Check: package dependencies
Result: NOTE
    Package suggested but not available for checking: 'marginaleffects'
Flavor: r-devel-linux-x86_64-debian-clang

Version: 0.17.1
Check: package dependencies
Result: NOTE
    Package suggested but not available for checking: ‘blavaan’
Flavor: r-release-linux-x86_64

Version: 0.17.1
Check: tests
Result: ERROR
     Running ‘spelling.R’ [0s/0s]
     Running ‘testthat.R’ [27s/35s]
    Running the tests in ‘tests/testthat.R’ failed.
    Last 13 lines of output:
     Error in `.Call("getParameterOrder", data, parameters, new.env(), NULL,
     PACKAGE = DLL)`: Incorrect number of arguments (4), expecting 3 for 'getParameterOrder'
     Backtrace:
     ▆
     1. └─glmmTMB::glmmTMB(...) at test-glmmTMB.R:24:2
     2. └─glmmTMB::fitTMB(TMBStruc)
     3. ├─base::with(...)
     4. └─base::with.default(...)
     5. └─base::eval(substitute(expr), data, enclos = parent.frame())
     6. └─base::eval(substitute(expr), data, enclos = parent.frame())
     7. └─TMB::MakeADFun(...)
    
     [ FAIL 5 | WARN 1 | SKIP 14 | PASS 2025 ]
     Error: Test failures
     Execution halted
Flavor: r-release-macos-arm64