CRAN Package Check Results for Package insane

Last updated on 2022-06-27 15:53:45 CEST.

Flavor Version Tinstall Tcheck Ttotal Status Flags
r-devel-linux-x86_64-debian-clang 0.1.0 8.48 79.87 88.35 NOTE
r-devel-linux-x86_64-debian-gcc 0.1.0 7.18 59.69 66.87 NOTE
r-devel-linux-x86_64-fedora-clang 0.1.0 112.13 NOTE
r-devel-linux-x86_64-fedora-gcc 0.1.0 112.40 NOTE
r-devel-windows-x86_64 0.1.0 22.00 111.00 133.00 NOTE
r-patched-linux-x86_64 0.1.0 8.79 75.83 84.62 NOTE
r-release-linux-x86_64 0.1.0 6.88 75.80 82.68 NOTE
r-release-macos-arm64 0.1.0 34.00 NOTE
r-release-macos-x86_64 0.1.0 60.00 NOTE
r-release-windows-x86_64 0.1.0 25.00 110.00 135.00 NOTE
r-oldrel-macos-arm64 0.1.0 44.00 NOTE
r-oldrel-macos-x86_64 0.1.0 68.00 NOTE
r-oldrel-windows-ix86+x86_64 0.1.0 24.00 104.00 128.00 NOTE

Check Details

Version: 0.1.0
Check: LazyData
Result: NOTE
     'LazyData' is specified without a 'data' directory
Flavors: r-devel-linux-x86_64-debian-clang, r-devel-linux-x86_64-debian-gcc, r-devel-linux-x86_64-fedora-clang, r-devel-linux-x86_64-fedora-gcc, r-devel-windows-x86_64, r-patched-linux-x86_64, r-release-linux-x86_64, r-release-macos-arm64, r-release-macos-x86_64, r-release-windows-x86_64, r-oldrel-macos-arm64, r-oldrel-macos-x86_64, r-oldrel-windows-ix86+x86_64