Last updated on 2023-02-05 15:55:17 CET.
Flavor | Version | Tinstall | Tcheck | Ttotal | Status | Flags |
---|---|---|---|---|---|---|
r-devel-linux-x86_64-debian-clang | 0.0.1 | 1.75 | 31.59 | 33.34 | NOTE | |
r-devel-linux-x86_64-debian-gcc | 0.0.1 | 1.68 | 25.35 | 27.03 | NOTE | |
r-devel-linux-x86_64-fedora-clang | 0.0.1 | 44.16 | NOTE | |||
r-devel-linux-x86_64-fedora-gcc | 0.0.1 | 52.51 | NOTE | |||
r-devel-windows-x86_64 | 0.0.1 | 17.00 | 67.00 | 84.00 | NOTE | |
r-patched-linux-x86_64 | 0.0.1 | 1.83 | 32.60 | 34.43 | NOTE | |
r-release-linux-x86_64 | 0.0.1 | 1.65 | 32.52 | 34.17 | NOTE | |
r-release-macos-arm64 | 0.0.1 | 17.00 | NOTE | |||
r-release-macos-x86_64 | 0.0.1 | 25.00 | NOTE | |||
r-release-windows-x86_64 | 0.0.1 | 21.00 | 68.00 | 89.00 | NOTE | |
r-oldrel-macos-arm64 | 0.0.1 | 19.00 | NOTE | |||
r-oldrel-macos-x86_64 | 0.0.1 | 36.00 | NOTE | |||
r-oldrel-windows-ix86+x86_64 | 0.0.1 | 5.00 | 59.00 | 64.00 | NOTE |
Version: 0.0.1
Check: LazyData
Result: NOTE
'LazyData' is specified without a 'data' directory
Flavors: r-devel-linux-x86_64-debian-clang, r-devel-linux-x86_64-debian-gcc, r-devel-linux-x86_64-fedora-clang, r-devel-linux-x86_64-fedora-gcc, r-devel-windows-x86_64, r-patched-linux-x86_64, r-release-linux-x86_64, r-release-macos-arm64, r-release-macos-x86_64, r-release-windows-x86_64, r-oldrel-macos-arm64, r-oldrel-macos-x86_64, r-oldrel-windows-ix86+x86_64