CRAN Package Check Results for Package infotheo

Last updated on 2024-07-19 03:57:23 CEST.

Flavor Version Tinstall Tcheck Ttotal Status Flags
r-devel-linux-x86_64-debian-clang 1.2.0.1 6.76 22.72 29.48 OK
r-devel-linux-x86_64-debian-gcc 1.2.0.1 4.17 17.41 21.58 OK
r-devel-linux-x86_64-fedora-clang 1.2.0.1 42.23 NOTE
r-devel-linux-x86_64-fedora-gcc 1.2.0.1 36.29 NOTE
r-devel-windows-x86_64 1.2.0.1 7.00 49.00 56.00 OK
r-patched-linux-x86_64 1.2.0.1 5.42 21.90 27.32 OK
r-release-linux-x86_64 1.2.0.1 4.70 21.84 26.54 OK
r-release-macos-arm64 1.2.0.1 17.00 OK
r-release-macos-x86_64 1.2.0.1 25.00 OK
r-release-windows-x86_64 1.2.0.1 7.00 48.00 55.00 OK
r-oldrel-macos-arm64 1.2.0.1 18.00 OK
r-oldrel-macos-x86_64 1.2.0.1 24.00 OK
r-oldrel-windows-x86_64 1.2.0.1 8.00 64.00 72.00 OK

Check Details

Version: 1.2.0.1
Check: compiled code
Result: NOTE File ‘infotheo/libs/infotheo.so’: Found no calls to: ‘R_registerRoutines’, ‘R_useDynamicSymbols’ It is good practice to register native routines and to disable symbol search. See ‘Writing portable packages’ in the ‘Writing R Extensions’ manual. Flavors: r-devel-linux-x86_64-fedora-clang, r-devel-linux-x86_64-fedora-gcc