CRAN Package Check Results for Package infinitefactor

Last updated on 2020-09-18 15:52:49 CEST.

Flavor Version Tinstall Tcheck Ttotal Status Flags
r-devel-linux-x86_64-debian-clang 1.0 65.22 66.19 131.41 OK
r-devel-linux-x86_64-debian-gcc 1.0 48.05 50.50 98.55 OK
r-devel-linux-x86_64-fedora-clang 1.0 177.21 NOTE
r-devel-linux-x86_64-fedora-gcc 1.0 164.06 OK
r-devel-windows-ix86+x86_64 1.0 146.00 149.00 295.00 OK
r-patched-linux-x86_64 1.0 50.95 62.88 113.83 OK
r-patched-solaris-x86 1.0 168.40 OK
r-release-linux-x86_64 1.0 49.79 62.79 112.58 OK
r-release-macos-x86_64 1.0 NOTE
r-release-windows-ix86+x86_64 1.0 145.00 121.00 266.00 OK
r-oldrel-macos-x86_64 1.0 NOTE
r-oldrel-windows-ix86+x86_64 1.0 118.00 152.00 270.00 OK

Check Details

Version: 1.0
Check: installed package size
Result: NOTE
     installed size is 5.2Mb
     sub-directories of 1Mb or more:
     libs 5.0Mb
Flavors: r-devel-linux-x86_64-fedora-clang, r-release-macos-x86_64, r-oldrel-macos-x86_64