CRAN Package Check Results for Package incgraph

Last updated on 2020-09-22 16:02:30 CEST.

Flavor Version Tinstall Tcheck Ttotal Status Flags
r-devel-linux-x86_64-debian-clang 1.0.1 25.15 51.21 76.36 OK
r-devel-linux-x86_64-debian-gcc 1.0.1 20.22 41.65 61.87 OK
r-devel-linux-x86_64-fedora-clang 1.0.1 110.34 NOTE
r-devel-linux-x86_64-fedora-gcc 1.0.1 93.65 NOTE
r-devel-windows-ix86+x86_64 1.0.1 61.00 94.00 155.00 OK
r-patched-linux-x86_64 1.0.1 21.74 48.73 70.47 OK
r-patched-solaris-x86 1.0.1 115.60 NOTE
r-release-linux-x86_64 1.0.1 19.89 48.38 68.27 OK
r-release-macos-x86_64 1.0.1 NOTE
r-release-windows-ix86+x86_64 1.0.1 58.00 85.00 143.00 OK
r-oldrel-macos-x86_64 1.0.1 NOTE
r-oldrel-windows-ix86+x86_64 1.0.1 41.00 106.00 147.00 OK

Check Details

Version: 1.0.1
Check: dependencies in R code
Result: NOTE
    Namespace in Imports field not imported from: ‘testthat’
     All declared Imports should be used.
Flavors: r-devel-linux-x86_64-fedora-clang, r-devel-linux-x86_64-fedora-gcc, r-patched-solaris-x86, r-release-macos-x86_64, r-oldrel-macos-x86_64