CRAN Package Check Results for Package incgraph

Last updated on 2022-09-24 15:55:22 CEST.

Flavor Version Tinstall Tcheck Ttotal Status Flags
r-devel-linux-x86_64-debian-clang 1.0.1 25.69 52.00 77.69 OK
r-devel-linux-x86_64-debian-gcc 1.0.1 22.32 48.96 71.28 OK
r-devel-linux-x86_64-fedora-clang 1.0.1 124.47 NOTE
r-devel-linux-x86_64-fedora-gcc 1.0.1 120.75 NOTE
r-devel-windows-x86_64 1.0.1 38.00 109.00 147.00 OK
r-patched-linux-x86_64 1.0.1 27.76 62.47 90.23 OK
r-release-linux-x86_64 1.0.1 22.67 60.98 83.65 OK
r-release-macos-arm64 1.0.1 33.00 NOTE
r-release-macos-x86_64 1.0.1 64.00 NOTE
r-release-windows-x86_64 1.0.1 38.00 109.00 147.00 OK
r-oldrel-macos-arm64 1.0.1 40.00 NOTE
r-oldrel-macos-x86_64 1.0.1 67.00 NOTE
r-oldrel-windows-ix86+x86_64 1.0.1 65.00 134.00 199.00 OK

Check Details

Version: 1.0.1
Check: dependencies in R code
Result: NOTE
    Namespace in Imports field not imported from: ‘testthat’
     All declared Imports should be used.
Flavors: r-devel-linux-x86_64-fedora-clang, r-devel-linux-x86_64-fedora-gcc, r-release-macos-arm64, r-release-macos-x86_64, r-oldrel-macos-arm64, r-oldrel-macos-x86_64