CRAN Package Check Results for Package iml

Last updated on 2020-11-30 03:47:43 CET.

Flavor Version Tinstall Tcheck Ttotal Status Flags
r-devel-linux-x86_64-debian-clang 0.10.1 20.32 390.15 410.47 OK
r-devel-linux-x86_64-debian-gcc 0.10.1 14.63 255.94 270.57 OK
r-devel-linux-x86_64-fedora-clang 0.10.1 437.21 NOTE
r-devel-linux-x86_64-fedora-gcc 0.10.1 401.61 NOTE
r-devel-windows-ix86+x86_64 0.10.1 29.00 264.00 293.00 OK
r-patched-linux-x86_64 0.10.1 14.93 324.97 339.90 OK
r-patched-solaris-x86 0.10.1 610.90 NOTE
r-release-linux-x86_64 0.10.1 15.04 312.43 327.47 OK
r-release-macos-x86_64 0.10.1 NOTE
r-release-windows-ix86+x86_64 0.10.1 21.00 283.00 304.00 OK
r-oldrel-macos-x86_64 0.10.1 NOTE
r-oldrel-windows-ix86+x86_64 0.10.1 20.00 303.00 323.00 OK

Check Details

Version: 0.10.1
Check: dependencies in R code
Result: NOTE
    Namespace in Imports field not imported from: ‘keras’
     All declared Imports should be used.
Flavors: r-devel-linux-x86_64-fedora-clang, r-devel-linux-x86_64-fedora-gcc, r-patched-solaris-x86, r-release-macos-x86_64, r-oldrel-macos-x86_64