CRAN Package Check Results for Package imgrec

Last updated on 2022-10-06 03:58:31 CEST.

Flavor Version Tinstall Tcheck Ttotal Status Flags
r-devel-linux-x86_64-debian-clang 0.1.3 5.18 56.85 62.03 OK
r-devel-linux-x86_64-debian-gcc 0.1.3 4.14 40.72 44.86 OK
r-devel-linux-x86_64-fedora-clang 0.1.3 83.95 NOTE
r-devel-linux-x86_64-fedora-gcc 0.1.3 79.70 NOTE
r-devel-windows-x86_64 0.1.3 15.00 87.00 102.00 OK
r-patched-linux-x86_64 0.1.3 5.76 37.90 43.66 OK
r-release-linux-x86_64 0.1.3 4.23 50.39 54.62 OK
r-release-macos-arm64 0.1.3 26.00 NOTE
r-release-macos-x86_64 0.1.3 43.00 NOTE
r-release-windows-x86_64 0.1.3 19.00 90.00 109.00 OK
r-oldrel-macos-arm64 0.1.3 28.00 NOTE
r-oldrel-macos-x86_64 0.1.3 34.00 NOTE
r-oldrel-windows-ix86+x86_64 0.1.3 15.00 80.00 95.00 OK

Check Details

Version: 0.1.3
Check: dependencies in R code
Result: NOTE
    Namespace in Imports field not imported from: ‘knitr’
     All declared Imports should be used.
Flavors: r-devel-linux-x86_64-fedora-clang, r-devel-linux-x86_64-fedora-gcc, r-release-macos-arm64, r-release-macos-x86_64, r-oldrel-macos-arm64, r-oldrel-macos-x86_64