CRAN Package Check Results for Package imdbapi

Last updated on 2021-09-23 03:50:58 CEST.

Flavor Version Tinstall Tcheck Ttotal Status Flags
r-devel-linux-x86_64-debian-clang 0.1.0 3.61 43.09 46.70 OK
r-devel-linux-x86_64-debian-gcc 0.1.0 2.81 32.13 34.94 OK
r-devel-linux-x86_64-fedora-clang 0.1.0 65.76 OK
r-devel-linux-x86_64-fedora-gcc 0.1.0 52.91 OK
r-devel-windows-x86_64 0.1.0 6.00 45.00 51.00 OK
r-devel-windows-x86_64-gcc10-UCRT 0.1.0 ERROR
r-patched-linux-x86_64 0.1.0 3.73 40.19 43.92 OK
r-patched-solaris-x86 0.1.0 82.40 OK
r-release-linux-x86_64 0.1.0 3.23 39.99 43.22 OK
r-release-macos-arm64 0.1.0 OK
r-release-macos-x86_64 0.1.0 OK
r-release-windows-ix86+x86_64 0.1.0 11.00 45.00 56.00 OK
r-oldrel-macos-x86_64 0.1.0 OK
r-oldrel-windows-ix86+x86_64 0.1.0 8.00 48.00 56.00 OK

Check Details

Version: 0.1.0
Check: PDF version of manual
Result: WARN
    LaTeX errors when creating PDF version.
    This typically indicates Rd problems.
Flavor: r-devel-windows-x86_64-gcc10-UCRT

Version: 0.1.0
Check: PDF version of manual without hyperrefs or index
Result: ERROR
    Re-running with no redirection of stdout/stderr.
Flavor: r-devel-windows-x86_64-gcc10-UCRT