CRAN Package Check Results for Package imageviewer

Last updated on 2024-07-24 15:51:38 CEST.

Flavor Version Tinstall Tcheck Ttotal Status Flags
r-devel-linux-x86_64-debian-clang 0.1.0 2.29 28.41 30.70 NOTE
r-devel-linux-x86_64-debian-gcc 0.1.0 1.81 22.15 23.96 NOTE
r-devel-linux-x86_64-fedora-clang 0.1.0 41.36 NOTE
r-devel-linux-x86_64-fedora-gcc 0.1.0 38.03 NOTE
r-devel-windows-x86_64 0.1.0 7.00 43.00 50.00 NOTE
r-patched-linux-x86_64 0.1.0 2.94 27.81 30.75 NOTE
r-release-linux-x86_64 0.1.0 2.51 27.12 29.63 NOTE
r-release-macos-arm64 0.1.0 17.00 NOTE
r-release-macos-x86_64 0.1.0 24.00 NOTE
r-release-windows-x86_64 0.1.0 6.00 43.00 49.00 NOTE
r-oldrel-macos-arm64 0.1.0 21.00 NOTE
r-oldrel-macos-x86_64 0.1.0 24.00 NOTE
r-oldrel-windows-x86_64 0.1.0 7.00 46.00 53.00 NOTE

Check Details

Version: 0.1.0
Check: LazyData
Result: NOTE 'LazyData' is specified without a 'data' directory Flavors: r-devel-linux-x86_64-debian-clang, r-devel-linux-x86_64-debian-gcc, r-devel-linux-x86_64-fedora-clang, r-devel-linux-x86_64-fedora-gcc, r-devel-windows-x86_64, r-patched-linux-x86_64, r-release-linux-x86_64, r-release-macos-arm64, r-release-macos-x86_64, r-release-windows-x86_64, r-oldrel-macos-arm64, r-oldrel-macos-x86_64, r-oldrel-windows-x86_64