Last updated on 2022-07-04 03:52:20 CEST.
Flavor | Version | Tinstall | Tcheck | Ttotal | Status | Flags |
---|---|---|---|---|---|---|
r-devel-linux-x86_64-debian-clang | 0.42.13 | 671.54 | 190.28 | 861.82 | OK | |
r-devel-linux-x86_64-debian-gcc | 0.42.13 | 637.85 | 149.74 | 787.59 | OK | |
r-devel-linux-x86_64-fedora-clang | 0.42.13 | 1251.21 | NOTE | |||
r-devel-linux-x86_64-fedora-gcc | 0.42.13 | 1231.07 | OK | |||
r-devel-windows-x86_64 | 0.42.13 | 509.00 | 296.00 | 805.00 | NOTE | |
r-patched-linux-x86_64 | 0.42.13 | 636.20 | 187.23 | 823.43 | OK | |
r-release-linux-x86_64 | 0.42.13 | 643.70 | 186.58 | 830.28 | OK | |
r-release-macos-arm64 | 0.42.13 | 194.00 | NOTE | |||
r-release-macos-x86_64 | 0.42.13 | 251.00 | NOTE | |||
r-release-windows-x86_64 | 0.42.13 | 465.00 | 298.00 | 763.00 | NOTE | |
r-oldrel-macos-arm64 | 0.42.13 | 172.00 | NOTE | |||
r-oldrel-macos-x86_64 | 0.42.13 | 239.00 | NOTE | |||
r-oldrel-windows-ix86+x86_64 | 0.42.13 | 1405.00 | 376.00 | 1781.00 | NOTE |
Version: 0.42.13
Check: installed package size
Result: NOTE
installed size is 35.9Mb
sub-directories of 1Mb or more:
data 1.4Mb
doc 4.4Mb
extdata 1.1Mb
include 3.0Mb
libs 25.4Mb
Flavors: r-devel-linux-x86_64-fedora-clang, r-devel-windows-x86_64, r-release-macos-arm64, r-release-macos-x86_64, r-release-windows-x86_64, r-oldrel-macos-arm64, r-oldrel-macos-x86_64, r-oldrel-windows-ix86+x86_64