CRAN Package Check Results for Package image.libfacedetection

Last updated on 2021-01-26 15:49:47 CET.

Flavor Version Tinstall Tcheck Ttotal Status Flags
r-devel-linux-x86_64-debian-clang 0.1 57.56 38.60 96.16 OK
r-devel-linux-x86_64-debian-gcc 0.1 30.36 30.85 61.21 OK
r-devel-linux-x86_64-fedora-clang 0.1 137.59 OK
r-devel-linux-x86_64-fedora-gcc 0.1 106.02 OK
r-devel-windows-ix86+x86_64 0.1 125.00 76.00 201.00 NOTE
r-patched-linux-x86_64 0.1 38.88 38.60 77.48 OK
r-patched-solaris-x86 0.1 135.90 OK
r-release-linux-x86_64 0.1 37.48 38.41 75.89 OK
r-release-macos-x86_64 0.1 OK
r-release-windows-ix86+x86_64 0.1 126.00 72.00 198.00 NOTE
r-oldrel-macos-x86_64 0.1 OK
r-oldrel-windows-ix86+x86_64 0.1 161.00 85.00 246.00 NOTE

Check Details

Version: 0.1
Check: installed package size
Result: NOTE
     installed size is 7.0Mb
     sub-directories of 1Mb or more:
     libs 6.8Mb
Flavors: r-devel-windows-ix86+x86_64, r-release-windows-ix86+x86_64, r-oldrel-windows-ix86+x86_64