CRAN Package Check Results for Package iilasso

Last updated on 2022-09-27 03:55:54 CEST.

Flavor Version Tinstall Tcheck Ttotal Status Flags
r-devel-linux-x86_64-debian-clang 0.0.2 30.85 82.53 113.38 WARN
r-devel-linux-x86_64-debian-gcc 0.0.2 25.56 64.95 90.51 OK
r-devel-linux-x86_64-fedora-clang 0.0.2 156.94 WARN
r-devel-linux-x86_64-fedora-gcc 0.0.2 150.04 OK
r-devel-windows-x86_64 0.0.2 40.00 132.00 172.00 OK
r-patched-linux-x86_64 0.0.2 26.62 75.86 102.48 OK
r-release-linux-x86_64 0.0.2 26.24 80.51 106.75 OK
r-release-macos-arm64 0.0.2 40.00 OK
r-release-macos-x86_64 0.0.2 56.00 OK
r-release-windows-x86_64 0.0.2 47.00 131.00 178.00 OK
r-oldrel-macos-arm64 0.0.2 47.00 OK
r-oldrel-macos-x86_64 0.0.2 79.00 OK
r-oldrel-windows-ix86+x86_64 0.0.2 71.00 147.00 218.00 OK

Additional issues

clang14

Check Details

Version: 0.0.2
Check: whether package can be installed
Result: WARN
    Found the following significant warnings:
     cda3.cpp:26:13: warning: use of bitwise '&' with boolean operands [-Wbitwise-instead-of-logical]
Flavors: r-devel-linux-x86_64-debian-clang, r-devel-linux-x86_64-fedora-clang