CRAN Package Check Results for Package ihpdr

Last updated on 2022-06-28 15:53:19 CEST.

Flavor Version Tinstall Tcheck Ttotal Status Flags
r-devel-linux-x86_64-debian-clang 1.2.1 6.73 62.66 69.39 NOTE
r-devel-linux-x86_64-debian-gcc 1.2.1 5.74 45.63 51.37 NOTE
r-devel-linux-x86_64-fedora-clang 1.2.1 93.10 NOTE
r-devel-linux-x86_64-fedora-gcc 1.2.1 90.47 NOTE
r-devel-windows-x86_64 1.2.1 20.00 85.00 105.00 NOTE
r-patched-linux-x86_64 1.2.1 5.30 57.85 63.15 NOTE
r-release-linux-x86_64 1.2.1 6.47 58.49 64.96 NOTE
r-release-macos-arm64 1.2.1 35.00 NOTE
r-release-macos-x86_64 1.2.1 57.00 NOTE
r-release-windows-x86_64 1.2.1 17.00 83.00 100.00 NOTE
r-oldrel-macos-arm64 1.2.1 35.00 NOTE
r-oldrel-macos-x86_64 1.2.1 55.00 NOTE
r-oldrel-windows-ix86+x86_64 1.2.1 17.00 84.00 101.00 NOTE

Check Details

Version: 1.2.1
Check: LazyData
Result: NOTE
     'LazyData' is specified without a 'data' directory
Flavors: r-devel-linux-x86_64-debian-clang, r-devel-linux-x86_64-debian-gcc, r-devel-linux-x86_64-fedora-clang, r-devel-linux-x86_64-fedora-gcc, r-devel-windows-x86_64, r-patched-linux-x86_64, r-release-linux-x86_64, r-release-macos-arm64, r-release-macos-x86_64, r-release-windows-x86_64, r-oldrel-macos-arm64, r-oldrel-macos-x86_64, r-oldrel-windows-ix86+x86_64