CRAN Package Check Results for Package iemiscdata

Last updated on 2022-08-09 03:53:02 CEST.

Flavor Version Tinstall Tcheck Ttotal Status Flags
r-devel-linux-x86_64-debian-clang 0.6.1 2.29 29.49 31.78 OK
r-devel-linux-x86_64-debian-gcc 0.6.1 1.97 22.58 24.55 OK
r-devel-linux-x86_64-fedora-clang 0.6.1 48.57 NOTE
r-devel-linux-x86_64-fedora-gcc 0.6.1 46.45 NOTE
r-devel-windows-x86_64 0.6.1 29.00 68.00 97.00 OK
r-patched-linux-x86_64 0.6.1 2.21 27.73 29.94 OK
r-release-linux-x86_64 0.6.1 OK
r-release-macos-arm64 0.6.1 17.00 NOTE
r-release-macos-x86_64 0.6.1 25.00 NOTE
r-release-windows-x86_64 0.6.1 33.00 66.00 99.00 OK
r-oldrel-macos-arm64 0.6.1 20.00 NOTE
r-oldrel-macos-x86_64 0.6.1 31.00 NOTE
r-oldrel-windows-ix86+x86_64 0.6.1 7.00 51.00 58.00 OK

Check Details

Version: 0.6.1
Check: data for non-ASCII characters
Result: NOTE
     Note: found 1 marked UTF-8 string
Flavors: r-devel-linux-x86_64-fedora-clang, r-devel-linux-x86_64-fedora-gcc, r-release-macos-arm64, r-release-macos-x86_64, r-oldrel-macos-arm64, r-oldrel-macos-x86_64

Version: 0.6.1
Check: package dependencies
Result: NOTE
    Package suggested but not available for checking: ‘ie2miscdata’
Flavors: r-release-macos-arm64, r-oldrel-macos-arm64, r-oldrel-macos-x86_64