CRAN Package Check Results for Package icensBKL

Last updated on 2022-01-26 03:54:24 CET.

Flavor Version Tinstall Tcheck Ttotal Status Flags
r-devel-linux-x86_64-debian-clang 1.2 10.47 89.08 99.55 OK
r-devel-linux-x86_64-debian-gcc 1.2 8.19 68.79 76.98 OK
r-devel-linux-x86_64-fedora-clang 1.2 116.87 OK
r-devel-linux-x86_64-fedora-gcc 1.2 107.04 OK
r-devel-windows-x86_64-new-UL 1.2 55.00 111.00 166.00 OK
r-devel-windows-x86_64-new-TK 1.2 NOTE
r-patched-linux-x86_64 1.2 11.03 83.44 94.47 OK
r-release-linux-x86_64 1.2 8.78 83.03 91.81 OK
r-release-macos-arm64 1.2 NOTE
r-release-macos-x86_64 1.2 NOTE
r-release-windows-ix86+x86_64 1.2 19.00 101.00 120.00 OK
r-oldrel-macos-x86_64 1.2 NOTE
r-oldrel-windows-ix86+x86_64 1.2 19.00 103.00 122.00 OK

Check Details

Version: 1.2
Check: package dependencies
Result: NOTE
    Packages suggested but not available for checking: 'mixAK', 'frailtypack'
Flavor: r-devel-windows-x86_64-new-TK

Version: 1.2
Check: package dependencies
Result: NOTE
    Packages suggested but not available for checking: 'mixAK', 'runjags'
Flavor: r-release-macos-arm64

Version: 1.2
Check: package dependencies
Result: NOTE
    Package suggested but not available for checking: ‘mixAK’
Flavors: r-release-macos-x86_64, r-oldrel-macos-x86_64