CRAN Package Check Results for Package ibr

Last updated on 2022-10-01 03:54:10 CEST.

Flavor Version Tinstall Tcheck Ttotal Status Flags
r-devel-linux-x86_64-debian-clang 2.0-3 14.32 98.73 113.05 OK
r-devel-linux-x86_64-debian-gcc 2.0-3 12.64 74.07 86.71 OK
r-devel-linux-x86_64-fedora-clang 2.0-3 149.99 NOTE
r-devel-linux-x86_64-fedora-gcc 2.0-3 143.58 NOTE
r-devel-windows-x86_64 2.0-3 34.00 135.00 169.00 OK
r-patched-linux-x86_64 2.0-3 16.67 94.76 111.43 OK
r-release-linux-x86_64 2.0-3 15.71 92.34 108.05 OK
r-release-macos-arm64 2.0-3 44.00 OK
r-release-macos-x86_64 2.0-3 55.00 OK
r-release-windows-x86_64 2.0-3 40.00 126.00 166.00 OK
r-oldrel-macos-arm64 2.0-3 43.00 OK
r-oldrel-macos-x86_64 2.0-3 78.00 OK
r-oldrel-windows-ix86+x86_64 2.0-3 33.00 139.00 172.00 OK

Check Details

Version: 2.0-3
Check: foreign function calls
Result: NOTE
    Registration problems:
     symbol ‘nom1’ in the local frame:
     .C(nom1, as.double(xord), as.integer(length(xord)), as.double(yord),
     as.double(gridbw), as.integer(length(gridbw)), as.integer(effold),
     as.integer(neffold), double(length(gridbw)), double(length(gridbw)))
     symbol ‘nom2’ in the local frame:
     .C(nom2, as.double(x), as.integer(n), as.double(y), as.double(bandwidth),
     as.double(x), as.integer(n), double(n), double(1))
     symbol ‘nom2’ in the local frame:
     .C(nom2, as.double(x), as.integer(n), as.double(y), as.double(bandwidth),
     as.double(x), as.integer(n), double(n), double(1), double(n))
     symbol ‘nom’ in the local frame:
     .C(nom, as.double(x), as.integer(length(x)), as.double(y), as.double(object$bandwidth),
     as.double(newdata), as.integer(length(newdata)), double(length(newdata)),
     double(1))
     symbol ‘nom’ in the local frame:
     .C(nom, as.double(x), as.integer(length(x)), as.double(y), as.double(object$bandwidth),
     as.double(newdata), as.integer(length(newdata)), double(length(newdata)),
     double(1), double(length(newdata)))
    See chapter ‘System and foreign language interfaces’ in the ‘Writing R
    Extensions’ manual.
Flavors: r-devel-linux-x86_64-fedora-clang, r-devel-linux-x86_64-fedora-gcc