Last updated on 2023-01-28 03:55:54 CET.
Flavor | Version | Tinstall | Tcheck | Ttotal | Status | Flags |
---|---|---|---|---|---|---|
r-devel-linux-x86_64-debian-clang | 1.50.0 | 25.65 | 163.65 | 189.30 | NOTE | |
r-devel-linux-x86_64-debian-gcc | 1.50.0 | 20.78 | 120.02 | 140.80 | NOTE | |
r-devel-linux-x86_64-fedora-clang | 1.50.0 | 231.96 | NOTE | |||
r-devel-linux-x86_64-fedora-gcc | 1.50.0 | 229.76 | NOTE | |||
r-devel-windows-x86_64 | 1.50.0 | 68.00 | 190.00 | 258.00 | NOTE | |
r-patched-linux-x86_64 | 1.50.0 | 23.74 | 154.07 | 177.81 | NOTE | |
r-release-linux-x86_64 | 1.50.0 | 21.24 | 156.65 | 177.89 | NOTE | |
r-release-macos-arm64 | 1.50.0 | 56.00 | NOTE | |||
r-release-macos-x86_64 | 1.50.0 | 104.00 | NOTE | |||
r-release-windows-x86_64 | 1.50.0 | 78.00 | 207.00 | 285.00 | NOTE | |
r-oldrel-macos-arm64 | 1.50.0 | 92.00 | OK | |||
r-oldrel-macos-x86_64 | 1.50.0 | 88.00 | NOTE | |||
r-oldrel-windows-ix86+x86_64 | 1.50.0 | 50.00 | 189.00 | 239.00 | OK |
Version: 1.50.0
Check: package dependencies
Result: NOTE
Package suggested but not available for checking: ‘SparkR’
Flavors: r-devel-linux-x86_64-debian-clang, r-devel-linux-x86_64-debian-gcc, r-devel-linux-x86_64-fedora-clang, r-devel-linux-x86_64-fedora-gcc, r-devel-windows-x86_64, r-patched-linux-x86_64, r-release-linux-x86_64, r-release-macos-arm64, r-release-macos-x86_64, r-release-windows-x86_64, r-oldrel-macos-x86_64