Last updated on 2022-06-27 15:53:45 CEST.
Flavor | Version | Tinstall | Tcheck | Ttotal | Status | Flags |
---|---|---|---|---|---|---|
r-devel-linux-x86_64-debian-clang | 1.5 | 13.80 | 109.72 | 123.52 | OK | |
r-devel-linux-x86_64-debian-gcc | 1.5 | 11.58 | 83.57 | 95.15 | OK | |
r-devel-linux-x86_64-fedora-clang | 1.5 | 156.01 | WARN | |||
r-devel-linux-x86_64-fedora-gcc | 1.5 | 160.42 | WARN | |||
r-devel-windows-x86_64 | 1.5 | 27.00 | 129.00 | 156.00 | OK | |
r-patched-linux-x86_64 | 1.5 | 13.12 | 109.34 | 122.46 | OK | |
r-release-linux-x86_64 | 1.5 | 14.68 | 110.25 | 124.93 | OK | |
r-release-macos-arm64 | 1.5 | 59.00 | OK | |||
r-release-macos-x86_64 | 1.5 | 103.00 | OK | |||
r-release-windows-x86_64 | 1.5 | 20.00 | 130.00 | 150.00 | OK | |
r-oldrel-macos-arm64 | 1.5 | 83.00 | OK | |||
r-oldrel-macos-x86_64 | 1.5 | 102.00 | OK | |||
r-oldrel-windows-ix86+x86_64 | 1.5 | 31.00 | 123.00 | 154.00 | OK |
Version: 1.5
Check: package dependencies
Result: WARN
Requires (indirectly) orphaned package: ‘gtools’
Flavors: r-devel-linux-x86_64-fedora-clang, r-devel-linux-x86_64-fedora-gcc