CRAN Package Check Results for Package iCellR

Last updated on 2022-06-28 03:51:34 CEST.

Flavor Version Tinstall Tcheck Ttotal Status Flags
r-devel-linux-x86_64-debian-clang 1.6.5 47.19 197.17 244.36 OK
r-devel-linux-x86_64-debian-gcc 1.6.5 35.71 147.81 183.52 OK
r-devel-linux-x86_64-fedora-clang 1.6.5 301.25 NOTE
r-devel-linux-x86_64-fedora-gcc 1.6.5 291.40 OK
r-devel-windows-x86_64 1.6.5 68.00 227.00 295.00 OK
r-patched-linux-x86_64 1.6.5 47.69 184.42 232.11 OK
r-release-linux-x86_64 1.6.5 40.40 188.81 229.21 OK
r-release-macos-arm64 1.6.5 73.00 OK
r-release-macos-x86_64 1.6.5 130.00 OK
r-release-windows-x86_64 1.6.5 64.00 224.00 288.00 OK
r-oldrel-macos-arm64 1.6.5 82.00 OK
r-oldrel-macos-x86_64 1.6.5 103.00 OK
r-oldrel-windows-ix86+x86_64 1.6.5 104.00 276.00 380.00 OK

Check Details

Version: 1.6.5
Check: package dependencies
Result: NOTE
    Imports includes 26 non-default packages.
    Importing from so many packages makes the package vulnerable to any of
    them becoming unavailable. Move as many as possible to Suggests and
    use conditionally.
Flavor: r-devel-linux-x86_64-fedora-clang