CRAN Package Check Results for Package i2dash

Last updated on 2020-09-28 15:47:43 CEST.

Flavor Version Tinstall Tcheck Ttotal Status Flags
r-devel-linux-x86_64-debian-clang 0.2.1 4.25 36.79 41.04 NOTE
r-devel-linux-x86_64-debian-gcc 0.2.1 3.32 29.12 32.44 NOTE
r-devel-linux-x86_64-fedora-clang 0.2.1 61.81 NOTE
r-devel-linux-x86_64-fedora-gcc 0.2.1 53.78 NOTE
r-devel-windows-ix86+x86_64 0.2.1 10.00 65.00 75.00 NOTE
r-patched-linux-x86_64 0.2.1 4.33 36.23 40.56 OK
r-patched-solaris-x86 0.2.1 70.60 NOTE
r-release-linux-x86_64 0.2.1 4.03 36.48 40.51 OK
r-release-macos-x86_64 0.2.1 NOTE
r-release-windows-ix86+x86_64 0.2.1 10.00 61.00 71.00 NOTE
r-oldrel-macos-x86_64 0.2.1 WARN
r-oldrel-windows-ix86+x86_64 0.2.1 8.00 66.00 74.00 NOTE

Check Details

Version: 0.2.1
Check: R code for possible problems
Result: NOTE
    Possibly missing '()' after 'return' in the following function:
     '.create_page_name'
Flavors: r-devel-linux-x86_64-debian-clang, r-devel-linux-x86_64-debian-gcc, r-devel-linux-x86_64-fedora-clang, r-devel-linux-x86_64-fedora-gcc

Version: 0.2.1
Check: installed package size
Result: NOTE
     installed size is 6.1Mb
     sub-directories of 1Mb or more:
     doc 5.7Mb
Flavors: r-devel-linux-x86_64-fedora-clang, r-devel-windows-ix86+x86_64, r-patched-solaris-x86, r-release-macos-x86_64, r-release-windows-ix86+x86_64, r-oldrel-macos-x86_64, r-oldrel-windows-ix86+x86_64

Version: 0.2.1
Check: dependencies in R code
Result: NOTE
    Namespaces in Imports field not imported from:
     ‘assertive.types’ ‘flexdashboard’ ‘rmarkdown’ ‘stats’ ‘stringr’
     ‘yaml’ ‘ymlthis’
     All declared Imports should be used.
Flavors: r-devel-linux-x86_64-fedora-clang, r-devel-linux-x86_64-fedora-gcc, r-patched-solaris-x86, r-release-macos-x86_64, r-oldrel-macos-x86_64

Version: 0.2.1
Check: package dependencies
Result: NOTE
    Package suggested but not available for checking: ‘BiocStyle’
Flavor: r-oldrel-macos-x86_64

Version: 0.2.1
Check: re-building of vignette outputs
Result: WARN
    Error(s) in re-building vignettes:
     ...
    --- re-building ‘i2dash-intro.Rmd’ using rmarkdown
    Warning in engine$weave(file, quiet = quiet, encoding = enc) :
     Pandoc (>= 1.12.3) and/or pandoc-citeproc not available. Falling back to R Markdown v1.
    Quitting from lines 2-25 (i2dash-intro.Rmd)
    Error: processing vignette 'i2dash-intro.Rmd' failed with diagnostics:
    there is no package called 'BiocStyle'
    --- failed re-building ‘i2dash-intro.Rmd’
    
    SUMMARY: processing the following file failed:
     ‘i2dash-intro.Rmd’
    
    Error: Vignette re-building failed.
    Execution halted
Flavor: r-oldrel-macos-x86_64