Last updated on 2023-01-29 03:55:16 CET.
Flavor | Version | Tinstall | Tcheck | Ttotal | Status | Flags |
---|---|---|---|---|---|---|
r-devel-linux-x86_64-debian-clang | 0.0.3 | 3.62 | 44.26 | 47.88 | OK | |
r-devel-linux-x86_64-debian-gcc | 0.0.3 | 3.11 | 33.85 | 36.96 | OK | |
r-devel-linux-x86_64-fedora-clang | 0.0.3 | 59.16 | NOTE | |||
r-devel-linux-x86_64-fedora-gcc | 0.0.3 | 69.77 | NOTE | |||
r-devel-windows-x86_64 | 0.0.3 | 26.00 | 72.00 | 98.00 | OK | |
r-patched-linux-x86_64 | 0.0.3 | 3.13 | 44.49 | 47.62 | OK | |
r-release-linux-x86_64 | 0.0.3 | 3.11 | 43.97 | 47.08 | OK | |
r-release-macos-arm64 | 0.0.3 | 26.00 | NOTE | |||
r-release-macos-x86_64 | 0.0.3 | 33.00 | NOTE | |||
r-release-windows-x86_64 | 0.0.3 | 16.00 | 83.00 | 99.00 | OK | |
r-oldrel-macos-arm64 | 0.0.3 | 26.00 | NOTE | |||
r-oldrel-macos-x86_64 | 0.0.3 | 36.00 | NOTE | |||
r-oldrel-windows-ix86+x86_64 | 0.0.3 | 8.00 | 70.00 | 78.00 | OK |
Version: 0.0.3
Check: data for non-ASCII characters
Result: NOTE
Note: found 38558 marked UTF-8 strings
Flavors: r-devel-linux-x86_64-fedora-clang, r-devel-linux-x86_64-fedora-gcc, r-release-macos-arm64, r-release-macos-x86_64, r-oldrel-macos-arm64, r-oldrel-macos-x86_64