CRAN Package Check Results for Package hyperoverlap

Last updated on 2022-10-04 03:56:43 CEST.

Flavor Version Tinstall Tcheck Ttotal Status Flags
r-devel-linux-x86_64-debian-clang 1.1.1 6.75 74.11 80.86 OK
r-devel-linux-x86_64-debian-gcc 1.1.1 5.67 56.43 62.10 OK
r-devel-linux-x86_64-fedora-clang 1.1.1 108.55 NOTE
r-devel-linux-x86_64-fedora-gcc 1.1.1 109.12 OK
r-devel-windows-x86_64 1.1.1 32.00 105.00 137.00 NOTE
r-patched-linux-x86_64 1.1.1 7.08 70.39 77.47 OK
r-release-linux-x86_64 1.1.1 6.72 72.08 78.80 OK
r-release-macos-arm64 1.1.1 32.00 NOTE
r-release-macos-x86_64 1.1.1 59.00 NOTE
r-release-windows-x86_64 1.1.1 22.00 102.00 124.00 NOTE
r-oldrel-macos-arm64 1.1.1 33.00 NOTE
r-oldrel-macos-x86_64 1.1.1 40.00 NOTE
r-oldrel-windows-ix86+x86_64 1.1.1 19.00 96.00 115.00 NOTE

Check Details

Version: 1.1.1
Check: installed package size
Result: NOTE
     installed size is 6.5Mb
     sub-directories of 1Mb or more:
     doc 6.3Mb
Flavors: r-devel-linux-x86_64-fedora-clang, r-devel-windows-x86_64, r-release-macos-arm64, r-release-macos-x86_64, r-release-windows-x86_64, r-oldrel-macos-arm64, r-oldrel-macos-x86_64, r-oldrel-windows-ix86+x86_64

Version: 1.1.1
Check: package dependencies
Result: NOTE
    Package suggested but not available for checking: ‘webshot2’
Flavors: r-release-macos-arm64, r-release-macos-x86_64, r-oldrel-macos-arm64, r-oldrel-macos-x86_64