CRAN Package Check Results for Package hydrolinks

Last updated on 2020-11-27 03:50:11 CET.

Flavor Version Tinstall Tcheck Ttotal Status Flags
r-devel-linux-x86_64-debian-clang 0.10.0 9.99 66.10 76.09 OK
r-devel-linux-x86_64-debian-gcc 0.10.0 6.92 52.97 59.89 OK
r-devel-linux-x86_64-fedora-clang 0.10.0 103.35 NOTE
r-devel-linux-x86_64-fedora-gcc 0.10.0 87.84 NOTE
r-devel-windows-ix86+x86_64 0.10.0 23.00 62.00 85.00 OK
r-patched-linux-x86_64 0.10.0 7.19 63.38 70.57 OK
r-patched-solaris-x86 0.10.0 135.00 NOTE
r-release-linux-x86_64 0.10.0 8.78 64.15 72.93 OK
r-release-macos-x86_64 0.10.0 NOTE
r-release-windows-ix86+x86_64 0.10.0 18.00 88.00 106.00 OK
r-oldrel-macos-x86_64 0.10.0 NOTE
r-oldrel-windows-ix86+x86_64 0.10.0 13.00 80.00 93.00 OK

Check Details

Version: 0.10.0
Check: dependencies in R code
Result: NOTE
    Namespace in Imports field not imported from: ‘dbplyr’
     All declared Imports should be used.
Flavors: r-devel-linux-x86_64-fedora-clang, r-devel-linux-x86_64-fedora-gcc, r-patched-solaris-x86, r-release-macos-x86_64, r-oldrel-macos-x86_64