CRAN Package Check Results for Package hydroToolkit

Last updated on 2022-07-01 15:51:20 CEST.

Flavor Version Tinstall Tcheck Ttotal Status Flags
r-devel-linux-x86_64-debian-clang 0.1.0 18.79 175.08 193.87 NOTE
r-devel-linux-x86_64-debian-gcc 0.1.0 13.75 124.69 138.44 NOTE
r-devel-linux-x86_64-fedora-clang 0.1.0 237.31 NOTE
r-devel-linux-x86_64-fedora-gcc 0.1.0 233.14 NOTE
r-devel-windows-x86_64 0.1.0 96.00 191.00 287.00 NOTE
r-patched-linux-x86_64 0.1.0 15.91 165.57 181.48 NOTE
r-release-linux-x86_64 0.1.0 17.55 165.39 182.94 NOTE
r-release-macos-arm64 0.1.0 60.00 NOTE
r-release-macos-x86_64 0.1.0 104.00 NOTE
r-release-windows-x86_64 0.1.0 62.00 195.00 257.00 NOTE
r-oldrel-macos-arm64 0.1.0 65.00 NOTE
r-oldrel-macos-x86_64 0.1.0 124.00 NOTE
r-oldrel-windows-ix86+x86_64 0.1.0 37.00 209.00 246.00 NOTE

Check Details

Version: 0.1.0
Check: LazyData
Result: NOTE
     'LazyData' is specified without a 'data' directory
Flavors: r-devel-linux-x86_64-debian-clang, r-devel-linux-x86_64-debian-gcc, r-devel-linux-x86_64-fedora-clang, r-devel-linux-x86_64-fedora-gcc, r-devel-windows-x86_64, r-patched-linux-x86_64, r-release-linux-x86_64, r-release-macos-arm64, r-release-macos-x86_64, r-release-windows-x86_64, r-oldrel-macos-arm64, r-oldrel-macos-x86_64, r-oldrel-windows-ix86+x86_64

Version: 0.1.0
Check: installed package size
Result: NOTE
     installed size is 5.3Mb
     sub-directories of 1Mb or more:
     extdata 4.8Mb
Flavors: r-devel-linux-x86_64-fedora-clang, r-devel-windows-x86_64, r-release-macos-arm64, r-release-macos-x86_64, r-release-windows-x86_64, r-oldrel-macos-arm64, r-oldrel-macos-x86_64, r-oldrel-windows-ix86+x86_64