CRAN Package Check Results for Package hutilscpp

Last updated on 2020-11-25 15:51:58 CET.

Flavor Version Tinstall Tcheck Ttotal Status Flags
r-devel-linux-x86_64-debian-clang 0.5.2 338.06 307.93 645.99 OK
r-devel-linux-x86_64-debian-gcc 0.5.2 273.51 241.86 515.37 OK
r-devel-linux-x86_64-fedora-clang 0.5.2 822.52 NOTE
r-devel-linux-x86_64-fedora-gcc 0.5.2 693.24 OK
r-devel-windows-ix86+x86_64 0.5.2 548.00 560.00 1108.00 OK
r-patched-linux-x86_64 0.5.2 366.23 302.32 668.55 OK
r-patched-solaris-x86 0.5.2 710.00 OK
r-release-linux-x86_64 0.5.2 452.53 288.48 741.01 OK
r-release-macos-x86_64 0.5.2 OK
r-release-windows-ix86+x86_64 0.5.2 556.00 558.00 1114.00 OK
r-oldrel-macos-x86_64 0.5.2 NOTE
r-oldrel-windows-ix86+x86_64 0.5.2 450.00 363.00 813.00 OK

Check Details

Version: 0.5.2
Check: installed package size
Result: NOTE
     installed size is 8.2Mb
     sub-directories of 1Mb or more:
     libs 7.9Mb
Flavors: r-devel-linux-x86_64-fedora-clang, r-oldrel-macos-x86_64