CRAN Package Check Results for Package humaniformat

Last updated on 2020-10-23 15:48:08 CEST.

Flavor Version Tinstall Tcheck Ttotal Status Flags
r-devel-linux-x86_64-debian-clang 0.6.0 44.18 29.29 73.47 OK
r-devel-linux-x86_64-debian-gcc 0.6.0 32.01 23.25 55.26 OK
r-devel-linux-x86_64-fedora-clang 0.6.0 114.51 NOTE
r-devel-linux-x86_64-fedora-gcc 0.6.0 95.03 NOTE
r-devel-windows-ix86+x86_64 0.6.0 102.00 85.00 187.00 OK
r-patched-linux-x86_64 0.6.0 39.08 28.53 67.61 OK
r-patched-solaris-x86 0.6.0 96.60 OK
r-release-linux-x86_64 0.6.0 38.25 28.52 66.77 OK
r-release-macos-x86_64 0.6.0 OK
r-release-windows-ix86+x86_64 0.6.0 86.00 65.00 151.00 OK
r-oldrel-macos-x86_64 0.6.0 OK
r-oldrel-windows-ix86+x86_64 0.6.0 99.00 72.00 171.00 OK

Check Details

Version: 0.6.0
Check: compiled code
Result: NOTE
    File ‘humaniformat/libs/humaniformat.so’:
     Found no calls to: ‘R_registerRoutines’, ‘R_useDynamicSymbols’
    
    It is good practice to register native routines and to disable symbol
    search.
    
    See ‘Writing portable packages’ in the ‘Writing R Extensions’ manual.
Flavors: r-devel-linux-x86_64-fedora-clang, r-devel-linux-x86_64-fedora-gcc