Last updated on 2022-05-16 03:53:33 CEST.
Flavor | Version | Tinstall | Tcheck | Ttotal | Status | Flags |
---|---|---|---|---|---|---|
r-devel-linux-x86_64-debian-clang | 1.3.5 | 78.59 | 145.84 | 224.43 | OK | |
r-devel-linux-x86_64-debian-gcc | 1.3.5 | 60.11 | 115.41 | 175.52 | OK | |
r-devel-linux-x86_64-fedora-clang | 1.3.5 | 309.95 | NOTE | |||
r-devel-linux-x86_64-fedora-gcc | 1.3.5 | 272.69 | OK | |||
r-devel-windows-x86_64 | 1.3.5 | 65.00 | 196.00 | 261.00 | OK | |
r-patched-linux-x86_64 | 1.3.5 | 61.03 | 142.60 | 203.63 | OK | |
r-release-linux-x86_64 | 1.3.5 | 66.32 | 141.55 | 207.87 | OK | |
r-release-macos-arm64 | 1.3.5 | 78.00 | NOTE | |||
r-release-macos-x86_64 | 1.3.5 | 99.00 | NOTE | |||
r-release-windows-x86_64 | 1.3.5 | 74.00 | 201.00 | 275.00 | OK | |
r-oldrel-macos-arm64 | 1.3.5 | 94.00 | NOTE | |||
r-oldrel-macos-x86_64 | 1.3.5 | 93.00 | NOTE | |||
r-oldrel-windows-ix86+x86_64 | 1.3.5 | 178.00 | 254.00 | 432.00 | OK |
Version: 1.3.5
Check: installed package size
Result: NOTE
installed size is 8.4Mb
sub-directories of 1Mb or more:
libs 6.9Mb
Flavors: r-devel-linux-x86_64-fedora-clang, r-release-macos-arm64, r-release-macos-x86_64, r-oldrel-macos-arm64, r-oldrel-macos-x86_64