CRAN Package Check Results for Package htmltools

Last updated on 2020-09-29 15:47:36 CEST.

Flavor Version Tinstall Tcheck Ttotal Status Flags
r-devel-linux-x86_64-debian-clang 0.5.0 5.25 35.50 40.75 OK
r-devel-linux-x86_64-debian-gcc 0.5.0 4.13 27.56 31.69 OK
r-devel-linux-x86_64-fedora-clang 0.5.0 57.58 NOTE
r-devel-linux-x86_64-fedora-gcc 0.5.0 48.23 OK
r-devel-windows-ix86+x86_64 0.5.0 15.00 63.00 78.00 OK
r-patched-linux-x86_64 0.5.0 6.21 34.19 40.40 OK
r-patched-solaris-x86 0.5.0 70.30 OK
r-release-linux-x86_64 0.5.0 6.07 34.06 40.13 OK
r-release-macos-x86_64 0.5.0 OK
r-release-windows-ix86+x86_64 0.5.0 22.00 65.00 87.00 OK
r-oldrel-macos-x86_64 0.5.0 OK
r-oldrel-windows-ix86+x86_64 0.5.0 11.00 61.00 72.00 OK

Check Details

Version: 0.5.0
Check: Rd cross-references
Result: NOTE
    Undeclared package ‘shiny’ in Rd xrefs
Flavor: r-devel-linux-x86_64-fedora-clang