CRAN Package Check Results for Package htmltidy

Last updated on 2020-09-20 03:47:27 CEST.

Flavor Version Tinstall Tcheck Ttotal Status Flags
r-devel-linux-x86_64-debian-clang 0.5.0 57.50 36.17 93.67 OK
r-devel-linux-x86_64-debian-gcc 0.5.0 37.35 28.28 65.63 OK
r-devel-linux-x86_64-fedora-clang 0.5.0 130.91 NOTE
r-devel-linux-x86_64-fedora-gcc 0.5.0 112.10 OK
r-devel-windows-ix86+x86_64 0.5.0 140.00 78.00 218.00 NOTE
r-patched-linux-x86_64 0.5.0 40.04 35.95 75.99 OK
r-patched-solaris-x86 0.5.0 116.90 OK
r-release-linux-x86_64 0.5.0 39.60 35.59 75.19 OK
r-release-macos-x86_64 0.5.0 OK
r-release-windows-ix86+x86_64 0.5.0 143.00 73.00 216.00 NOTE
r-oldrel-macos-x86_64 0.5.0 OK
r-oldrel-windows-ix86+x86_64 0.5.0 98.00 98.00 196.00 OK

Check Details

Version: 0.5.0
Check: installed package size
Result: NOTE
     installed size is 5.0Mb
     sub-directories of 1Mb or more:
     htmlwidgets 1.9Mb
     libs 2.9Mb
Flavors: r-devel-linux-x86_64-fedora-clang, r-devel-windows-ix86+x86_64, r-release-windows-ix86+x86_64