Last updated on 2022-06-28 15:53:19 CEST.
Flavor | Version | Tinstall | Tcheck | Ttotal | Status | Flags |
---|---|---|---|---|---|---|
r-devel-linux-x86_64-debian-clang | 0.8.1 | 453.75 | 142.49 | 596.24 | OK | |
r-devel-linux-x86_64-debian-gcc | 0.8.1 | 414.50 | 124.91 | 539.41 | OK | |
r-devel-linux-x86_64-fedora-clang | 0.8.1 | 846.69 | NOTE | |||
r-devel-linux-x86_64-fedora-gcc | 0.8.1 | 901.10 | NOTE | |||
r-devel-windows-x86_64 | 0.8.1 | 291.00 | 275.00 | 566.00 | OK | |
r-patched-linux-x86_64 | 0.8.1 | 430.67 | 163.22 | 593.89 | OK | |
r-release-linux-x86_64 | 0.8.1 | 330.09 | 159.91 | 490.00 | OK | |
r-release-macos-arm64 | 0.8.1 | 203.00 | NOTE | |||
r-release-macos-x86_64 | 0.8.1 | 410.00 | NOTE | |||
r-release-windows-x86_64 | 0.8.1 | 303.00 | 272.00 | 575.00 | OK | |
r-oldrel-macos-arm64 | 0.8.1 | 189.00 | NOTE | |||
r-oldrel-macos-x86_64 | 0.8.1 | 248.00 | NOTE | |||
r-oldrel-windows-ix86+x86_64 | 0.8.1 | 1021.00 | 421.00 | 1442.00 | NOTE |
Version: 0.8.1
Check: installed package size
Result: NOTE
installed size is 49.0Mb
sub-directories of 1Mb or more:
libs 48.4Mb
Flavors: r-devel-linux-x86_64-fedora-clang, r-release-macos-arm64, r-release-macos-x86_64, r-oldrel-macos-arm64, r-oldrel-macos-x86_64, r-oldrel-windows-ix86+x86_64
Version: 0.8.1
Check: dependencies in R code
Result: NOTE
Namespace in Imports field not imported from: ‘RcppParallel’
All declared Imports should be used.
Flavors: r-devel-linux-x86_64-fedora-clang, r-devel-linux-x86_64-fedora-gcc, r-release-macos-arm64, r-release-macos-x86_64, r-oldrel-macos-arm64, r-oldrel-macos-x86_64
Version: 0.8.1
Check: for GNU extensions in Makefiles
Result: NOTE
GNU make is a SystemRequirements.
Flavors: r-devel-linux-x86_64-fedora-clang, r-devel-linux-x86_64-fedora-gcc, r-release-macos-arm64, r-release-macos-x86_64, r-oldrel-macos-arm64, r-oldrel-macos-x86_64