CRAN Package Check Results for Package hoa

Last updated on 2020-09-22 03:49:25 CEST.

Flavor Version Tinstall Tcheck Ttotal Status Flags
r-devel-linux-x86_64-debian-clang 2.1.4.1 20.39 130.98 151.37 OK
r-devel-linux-x86_64-debian-gcc 2.1.4.1 0.45 2.48 2.93 ERROR
r-devel-linux-x86_64-fedora-clang 2.1.4.1 194.13 NOTE
r-devel-linux-x86_64-fedora-gcc 2.1.4.1 186.17 OK
r-devel-windows-ix86+x86_64 2.1.4.1 36.00 136.00 172.00 OK
r-patched-linux-x86_64 2.1.4.1 19.91 130.72 150.63 OK
r-patched-solaris-x86 2.1.4.1 225.90 OK
r-release-linux-x86_64 2.1.4.1 19.12 130.64 149.76 OK
r-release-macos-x86_64 2.1.4.1 OK
r-release-windows-ix86+x86_64 2.1.4.1 34.00 129.00 163.00 OK
r-oldrel-macos-x86_64 2.1.4.1 OK
r-oldrel-windows-ix86+x86_64 2.1.4.1 20.00 161.00 181.00 OK

Check Details

Version: 2.1.4.1
Check: whether package can be installed
Result: ERROR
    Installation failed.
Flavor: r-devel-linux-x86_64-debian-gcc

Version: 2.1.4.1
Check: Rd cross-references
Result: NOTE
    Undeclared packages ‘nlreg’, ‘cond’, ‘marg’ in Rd xrefs
Flavor: r-devel-linux-x86_64-fedora-clang