CRAN Package Check Results for Package hms

Last updated on 2020-07-13 15:48:29 CEST.

Flavor Version Tinstall Tcheck Ttotal Status Flags
r-devel-linux-x86_64-debian-clang 0.5.3 3.30 30.91 34.21 OK
r-devel-linux-x86_64-debian-gcc 0.5.3 2.40 24.50 26.90 OK
r-devel-linux-x86_64-fedora-clang 0.5.3 49.53 OK
r-devel-linux-x86_64-fedora-gcc 0.5.3 42.47 OK
r-devel-windows-ix86+x86_64 0.5.3 9.00 53.00 62.00 OK
r-patched-linux-x86_64 0.5.3 3.43 30.55 33.98 OK
r-patched-solaris-x86 0.5.3 61.90 OK
r-release-linux-x86_64 0.5.3 3.11 31.30 34.41 OK
r-release-macos-x86_64 0.5.3 ERROR
r-release-windows-ix86+x86_64 0.5.3 10.00 39.00 49.00 OK
r-oldrel-macos-x86_64 0.5.3 OK
r-oldrel-windows-ix86+x86_64 0.5.3 7.00 34.00 41.00 OK

Check Details

Version: 0.5.3
Check: whether package can be installed
Result: ERROR
    Installation failed.
Flavor: r-release-macos-x86_64