CRAN Package Check Results for Package hmlasso

Last updated on 2020-11-24 15:52:09 CET.

Flavor Version Tinstall Tcheck Ttotal Status Flags
r-devel-linux-x86_64-debian-clang 0.0.1 34.68 83.61 118.29 OK
r-devel-linux-x86_64-debian-gcc 0.0.1 32.09 64.23 96.32 OK
r-devel-linux-x86_64-fedora-clang 0.0.1 147.59 NOTE
r-devel-linux-x86_64-fedora-gcc 0.0.1 133.26 NOTE
r-devel-windows-ix86+x86_64 0.0.1 63.00 161.00 224.00 OK
r-patched-linux-x86_64 0.0.1 36.02 81.25 117.27 OK
r-patched-solaris-x86 0.0.1 173.80 NOTE
r-release-linux-x86_64 0.0.1 36.68 80.93 117.61 OK
r-release-macos-x86_64 0.0.1 NOTE
r-release-windows-ix86+x86_64 0.0.1 47.00 113.00 160.00 OK
r-oldrel-macos-x86_64 0.0.1 NOTE
r-oldrel-windows-ix86+x86_64 0.0.1 45.00 118.00 163.00 OK

Check Details

Version: 0.0.1
Check: dependencies in R code
Result: NOTE
    Namespace in Imports field not imported from: ‘MASS’
     All declared Imports should be used.
Flavors: r-devel-linux-x86_64-fedora-clang, r-devel-linux-x86_64-fedora-gcc, r-patched-solaris-x86, r-release-macos-x86_64, r-oldrel-macos-x86_64