CRAN Package Check Results for Package hkdatasets

Last updated on 2023-12-01 15:53:37 CET.

Flavor Version Tinstall Tcheck Ttotal Status Flags
r-devel-linux-x86_64-debian-clang 1.0.0 2.60 28.25 30.85 OK
r-devel-linux-x86_64-debian-gcc 1.0.0 2.14 21.89 24.03 OK
r-devel-linux-x86_64-fedora-clang 1.0.0 39.83 NOTE
r-devel-linux-x86_64-fedora-gcc 1.0.0 38.74 NOTE
r-devel-windows-x86_64 1.0.0 4.00 44.00 48.00 OK
r-patched-linux-x86_64 1.0.0 2.81 28.15 30.96 OK
r-release-linux-x86_64 1.0.0 2.71 27.93 30.64 OK
r-release-macos-arm64 1.0.0 19.00 OK
r-release-macos-x86_64 1.0.0 25.00 OK
r-release-windows-x86_64 1.0.0 4.00 43.00 47.00 OK
r-oldrel-macos-arm64 1.0.0 20.00 OK
r-oldrel-macos-x86_64 1.0.0 24.00 NOTE
r-oldrel-windows-x86_64 1.0.0 4.00 51.00 55.00 OK

Check Details

Version: 1.0.0
Check: data for non-ASCII characters
Result: NOTE Note: found 9638 marked UTF-8 strings Flavors: r-devel-linux-x86_64-fedora-clang, r-devel-linux-x86_64-fedora-gcc, r-oldrel-macos-x86_64