CRAN Package Check Results for Package hkdatasets

Last updated on 2023-01-28 03:55:53 CET.

Flavor Version Tinstall Tcheck Ttotal Status Flags
r-devel-linux-x86_64-debian-clang 1.0.0 2.97 28.60 31.57 OK
r-devel-linux-x86_64-debian-gcc 1.0.0 1.77 22.61 24.38 OK
r-devel-linux-x86_64-fedora-clang 1.0.0 40.20 NOTE
r-devel-linux-x86_64-fedora-gcc 1.0.0 38.68 NOTE
r-devel-windows-x86_64 1.0.0 19.00 84.00 103.00 OK
r-patched-linux-x86_64 1.0.0 3.14 28.33 31.47 OK
r-release-linux-x86_64 1.0.0 2.61 28.91 31.52 OK
r-release-macos-arm64 1.0.0 16.00 NOTE
r-release-macos-x86_64 1.0.0 24.00 NOTE
r-release-windows-x86_64 1.0.0 22.00 62.00 84.00 OK
r-oldrel-macos-arm64 1.0.0 22.00 NOTE
r-oldrel-macos-x86_64 1.0.0 24.00 NOTE
r-oldrel-windows-ix86+x86_64 1.0.0 8.00 60.00 68.00 OK

Check Details

Version: 1.0.0
Check: data for non-ASCII characters
Result: NOTE
     Note: found 9638 marked UTF-8 strings
Flavors: r-devel-linux-x86_64-fedora-clang, r-devel-linux-x86_64-fedora-gcc, r-release-macos-arm64, r-release-macos-x86_64, r-oldrel-macos-arm64, r-oldrel-macos-x86_64