CRAN Package Check Results for Package hisse

Last updated on 2020-10-01 15:48:29 CEST.

Flavor Version Tinstall Tcheck Ttotal Status Flags
r-devel-linux-x86_64-debian-clang 1.9.8 48.21 309.55 357.76 OK
r-devel-linux-x86_64-debian-gcc 1.9.8 43.39 219.89 263.28 OK
r-devel-linux-x86_64-fedora-clang 1.9.8 417.64 OK
r-devel-linux-x86_64-fedora-gcc 1.9.8 449.36 OK
r-devel-windows-ix86+x86_64 1.9.8 130.00 341.00 471.00 NOTE
r-patched-linux-x86_64 1.9.8 49.33 288.45 337.78 OK
r-patched-solaris-x86 1.9.8 519.30 NOTE
r-release-linux-x86_64 1.9.8 50.66 283.90 334.56 OK
r-release-macos-x86_64 1.9.8 OK
r-release-windows-ix86+x86_64 1.9.8 128.00 372.00 500.00 NOTE
r-oldrel-macos-x86_64 1.9.8 OK
r-oldrel-windows-ix86+x86_64 1.9.8 130.00 333.00 463.00 OK

Check Details

Version: 1.9.8
Check: installed package size
Result: NOTE
     installed size is 5.0Mb
     sub-directories of 1Mb or more:
     doc 1.8Mb
     extdata 1.2Mb
Flavors: r-devel-windows-ix86+x86_64, r-patched-solaris-x86, r-release-windows-ix86+x86_64