CRAN Package Check Results for Package hipread

Last updated on 2022-10-07 03:55:55 CEST.

Flavor Version Tinstall Tcheck Ttotal Status Flags
r-devel-linux-x86_64-debian-clang 0.2.3 147.25 52.43 199.68 OK
r-devel-linux-x86_64-debian-gcc 0.2.3 118.33 39.31 157.64 OK
r-devel-linux-x86_64-fedora-clang 0.2.3 307.78 OK
r-devel-linux-x86_64-fedora-gcc 0.2.3 277.20 OK
r-devel-windows-x86_64 0.2.3 305.00 106.00 411.00 OK
r-patched-linux-x86_64 0.2.3 124.31 48.29 172.60 OK
r-release-linux-x86_64 0.2.3 124.59 48.95 173.54 OK
r-release-macos-arm64 0.2.3 74.00 NOTE
r-release-macos-x86_64 0.2.3 90.00 OK
r-release-windows-x86_64 0.2.3 128.00 98.00 226.00 OK
r-oldrel-macos-arm64 0.2.3 70.00 NOTE
r-oldrel-macos-x86_64 0.2.3 95.00 OK
r-oldrel-windows-ix86+x86_64 0.2.3 406.00 118.00 524.00 OK

Check Details

Version: 0.2.3
Check: installed package size
Result: NOTE
     installed size is 5.1Mb
     sub-directories of 1Mb or more:
     libs 4.7Mb
Flavors: r-release-macos-arm64, r-oldrel-macos-arm64